-148
Let r(o) = -o**2 - 13*o + 1522. What is r(-46)?
4
Let z(r) = -1121*r - 3360. Determine z(-3).
3
Let z(f) = -2*f**3 - 26*f**2 - 18*f - 8. Calculate z(-12).
-80
Let b(f) = -f**2 + 12*f - 70. Determine b(21).
-259
Let c(m) = 10*m**2 - 40*m + 37. Calculate c(1).
7
Let p(o) = -o**3 + 26*o + 15. Calculate p(5).
20
Let n(q) = 771*q + 138002. What is n(-179)?
-7
Let z(d) = -7*d**3 + 2*d**2 - 2*d - 5. Give z(-1).
6
Let z(w) = w**3 - 11*w**2 + 25*w - 45. Determine z(10).
105
Let b(o) = -5*o**2 - 115*o - 141. Give b(-22).
-31
Let x(b) = b**2 - 22*b + 49. Determine x(6).
-47
Let s(g) = -74*g + 1176. Calculate s(16).
-8
Let w(j) = -184*j + 20606. Calculate w(112).
-2
Let y(w) = -5*w**3 - 89*w**2 + 17*w + 18. Give y(-18).
36
Let j(v) = v**3 + 8*v**2 + 23*v - 30. Determine j(-8).
-214
Let f(a) = a**2 - 13*a + 81. Give f(20).
221
Let m(o) = -o**3 - 52*o**2 + 111*o + 163. What is m(-54)?
1
Let u(x) = -124*x + 812. Determine u(8).
-180
Let f(d) = -7*d**2 + 26*d + 14. Give f(7).
-147
Let t(d) = d**2 + 34*d - 349. Determine t(-41).
-62
Let l(f) = 2*f**2 + 41*f - 150. Calculate l(3).
-9
Let n(h) = -923*h - 39705. Give n(-43).
-16
Let g(j) = j**3 + 22*j**2 - 76*j + 28. Determine g(-25).
53
Let h(b) = b**3 + 52*b**2 - 618*b + 118. Determine h(-62).
-6
Let z(o) = o**3 - 100*o**2 + 196*o - 281. What is z(98)?
-281
Let r(m) = -394*m + 392. What is r(1)?
-2
Let t(y) = 9*y**3 + 685*y**2 + 77*y + 84. Calculate t(-76).
8
Let b(h) = 2*h**2 - 54*h + 274. Determine b(20).
-6
Let u(s) = -81*s + 160. Determine u(2).
-2
Let h(z) = 38*z**2 - 41*z + 223. What is h(5)?
968
Let g(p) = 2*p**3 + 62*p**2 + 65*p - 132. What is g(-30)?
-282
Let c(x) = 122*x - 241. What is c(3)?
125
Let o(y) = y**3 - 11*y**2 - y + 64. Give o(10).
-46
Let v(b) = -3109*b - 9308. Calculate v(-3).
19
Let x(t) = -t**3 - 6*t**2 + 71*t - 1. Determine x(6).
-7
Let h(v) = -v**2 - 92*v - 692. Give h(-85).
-97
Let v(x) = -x - 291. Give v(-48).
-243
Let x(c) = -6*c**2 - 330*c + 1336. Give x(4).
-80
Let p(q) = 6031*q - 12118. Give p(2).
-56
Let h(a) = a**3 + a**2 - 2*a - 41. Give h(0).
-41
Let g(l) = l**3 - 4*l**2 - 10*l + 111. Give g(-6).
-189
Let v(m) = 13*m - 694. Determine v(-22).
-980
Let s(w) = 2196*w + 35200. What is s(-16)?
64
Let a(p) = -4*p**2 + 30*p - 68. What is a(9)?
-122
Let o(l) = -8*l - 15. Give o(15).
-135
Let h(g) = -1270*g + 30476. Give h(24).
-4
Let c(z) = z**2 - 16*z - 2501. What is c(57)?
-164
Let m(a) = 2*a**2 + 9*a - 12. What is m(-8)?
44
Let f(q) = 5*q - 150. Determine f(25).
-25
Let n(z) = -40*z - 658. Determine n(-19).
102
Let t(v) = -v**3 + 7*v**2 + 108*v + 13. Give t(-7).
-57
Let k(s) = -s**2 - 1440*s - 17144. Give k(-12).
-8
Let f(x) = -8*x**2 - 173*x + 243. Determine f(-23).
-10
Let x(y) = -2131*y - 38356. Determine x(-18).
2
Let k(b) = -948*b + 5702. Calculate k(6).
14
Let t(r) = 6*r**3 - 3*r**2 + 20*r - 23. What is t(2)?
53
Let c(a) = 10*a**2 - 117*a - 14. Calculate c(11).
-91
Let u(t) = 243*t + 1016. Calculate u(-4).
44
Let n(z) = -z**3 - 10*z**2 - 21*z - 89. Calculate n(-8).
-49
Let l(h) = -31*h - 38. Calculate l(-5).
117
Let c(j) = 2*j**3 - 155*j**2 - 110*j + 2492. Give c(78).
-4
Let i(p) = p**3 - 7*p**2 + 4546*p - 36423. What is i(8)?
9
Let o(l) = 50*l**2 - 5344*l - 649. Calculate o(107).
-7
Let h(i) = 16*i**2 + 3*i + 21. Give h(-3).
156
Let b(j) = j**2 - 240*j - 15. Determine b(0).
-15
Let o(d) = -54*d + 692. Determine o(13).
-10
Let w(s) = 3*s**2 + 111*s + 872. Determine w(-26).
14
Let d(n) = -3*n**3 - 40*n**2 - 9*n - 14. Calculate d(-13).
-66
Let m(a) = a**3 + 5*a**2 - 66*a - 16. Give m(-11).
-16
Let y(w) = 155*w + 242. Give y(-2).
-68
Let c(n) = -3*n**2 + 30*n + 8. Determine c(10).
8
Let f(v) = -2*v**2 + 40*v - 270. Calculate f(7).
-88
Let r(z) = 27*z + 918. Give r(-34).
0
Let b(v) = -1811*v + 19916. Calculate b(11).
-5
Let m(i) = 3*i**2 + 4*i - 318. What is m(-13)?
137
Let z(u) = -10*u - 396. What is z(-7)?
-326
Let y(c) = 81*c - 6482. What is y(80)?
-2
Let h(q) = -2*q**3 + 218*q**2 + 55*q - 5992. What is h(109)?
3
Let f(l) = -73*l - 1521. Calculate f(-21).
12
Let j(v) = v**2 - 381*v + 6188. Determine j(17).
0
Let a(l) = -777*l - 38064. Determine a(-49).
9
Let u(x) = -x**2 + 20*x + 102. Determine u(20).
102
Let l(w) = -2*w**2 + 2*w + 74. Determine l(8).
-38
Let w(d) = 56322*d - 56318. Calculate w(1).
4
Let t(y) = y**3 - 13*y**2 + 14*y - 79. Determine t(9).
-277
Let f(a) = a**3 + 22*a**2 + 71*a + 2. What is f(-4)?
6
Let h(z) = -z**3 + 86*z**2 + 273*z - 269. Determine h(89).
265
Let h(g) = -57*g + 711. Calculate h(13).
-30
Let o(g) = -29*g + 14. What is o(1)?
-15
Let p(o) = o + 86. Give p(14).
100
Let h(b) = 6*b - 112. What is h(67)?
290
Let o(y) = -3*y**3 - 15*y**2 - 4*y + 6. Give o(-4).
-26
Let r(i) = i**2 - 11*i - 3. What is r(6)?
-33
Let i(f) = -f**3 - 94*f**2 + 224*f + 3068. Give i(-96).
-4
Let k(f) = -f**3 + 40*f**2 - 32*f + 253. Determine k(39).
526
Let f(g) = 4*g - 156. Calculate f(43).
16
Let g(d) = -39*d**2 - 2338*d + 115. What is g(-60)?
-5
Let c(a) = -6*a**2 - 1185*a - 2367. Give c(-2).
-21
Let r(a) = 54*a**2 - 863*a - 33. Give r(16).
-17
Let l(f) = -f**2 - 57*f + 167. Give l(-59).
49
Let h(n) = -200*n - 1980. Give h(-10).
20
Let h(t) = 190*t - 1148. Give h(6).
-8
Let q(x) = -2*x**3 - 8*x**2 - 20*x - 56. Determine q(-4).
24
Let g(p) = -11*p - 303. What is g(-5)?
-248
Let q(r) = -r**3 + 17*r**2 + 20*r + 5. Calculate q(18).
41
Let z(q) = -q**3 + 31*q**2 + 876*q + 284. Determine z(49).
-10
Let i(o) = 3*o**2 + 36*o + 61. Give i(-10).
1
Let n(b) = -257*b + 1557. Calculate n(6).
15
Let t(d) = -d**2 - 14*d + 35. Calculate t(-17).
-16
Let q(x) = -802*x + 6396. Give q(8).
-20
Let u(q) = q**2 + 30*q - 2692. Determine u(-69).
-1
Let u(r) = 323*r - 50388. Give u(156).
0
Let o(y) = -y**3 - 41*y**2 - 351*y + 22. What is o(-12)?
58
Let j(w) = 1130*w + 6683. Give j(-6).
-97
Let c(m) = -28*m**3 - 2*m**2 - 186*m + 363. Give c(2).
-241
Let l(s) = s**3 - 6*s**2 - s - 6. Give l(6).
-12
Let i(h) = h**3 + 6*h**2 - 81*h - 425. What is i(-5)?
5
Let n(c) = c**2 - 138*c - 287. Determine n(140).
-7
Let y(u) = 59*u + 9828. What is y(-166)?
34
Let y(l) = -l**2 - 47*l - 103. Determine y(-45).
-13
Let k(v) = v**3 - 10*v**2 + 25*v - 7. What is k(5)?
-7
Let c(p) = p**2 - 22*p - 138. Calculate c(-5).
-3
Let h(c) = -205*c + 2556. What is h(13)?
-109
Let u(d) = d**2 + 133*d + 4. Determine u(0).
4
Let a(o) = 1274*o + 8937. Calculate a(-7).
19
Let q(y) = -y**2 + 12*y - 1. Give q(12).
-1
Let x(s) = -s**3 + 7*s**2 - 7*s - 51. What is x(6)?
-57
Let p(q) = -q**3 + 40*q**2 - 44*q + 158. Give p(39).
-37
Let j(h) = 130*h - 801. Give j(6).
-21
Let f(i) = 10*i**2 + 34*i + 15. Calculate f(5).
435
Let z(l) = 303*l + 1824. Give z(-6).
6
Let f(l) = l**2 + 204*l - 1262. Give f(6).
-2
Let o(s) = 55*s + 8. Determine o(1).
63
Let a(u) = -6*u**3 - 16*u**2 + 8*u + 8. What is a(1)?
-6
Let w(q) = -4*q**2 + 101*q + 1229. Give w(-9).
-4
Let u(i) = -4*i**2 - 147*i + 1203. Calculate u(-44).
-73
Let v(l) = -144*l - 2039. Calculate v(-12).
-311
Let g(u) = 13*u + 943. Calculate g(-72).
7
Let p(n) = -12*n - 98. Determine p(7).
-182
Let n(y) = -y**2 + 28*y + 191. What is n(34)?
-13
Let q(g) = 229*g + 1595. Determine q(-7).
-8
Let j(k) = 23*k + 903. Give j(-43).
-86
Let a(b) = 5*b**2 + 33*b - 381. What is a(6)?
-3
Let s(v) = 209*v + 21494. What is s(-103)?
-33
Let r(q) = q**3 + 23*q**2 + 2*q + 94. Give r(-23).
48
Let w(d) = d**3 - 12*d**2 - 22*d + 11. Give w(13).
-106
Let z(g) = -g**2 + 7*g + 22. What is z(4)?
34
Let v(f) = -f**3 - 21*f**2 - 25*f + 38. Determine v(-19).
-209
Let n(m) = 477*m + 27671. Give n(-58).
5
Let p(x) = -x**2 + 9*x + 177. What is p(15)?
87
Let r(o) = -755*o - 92862. Calculate r(-123).
3
Let p(i) = -3*i**2 + 75*i + 73. What is p(26)?
-5
Let g(y) = y**2 + 893*y - 5385. Calculate g(6).
9
Let g(y) = -y**3 + 88*y**2 + 577*y + 48. What is g(-6)?
-30
Let j(z) = z**3 - 4*z**2 - 7*z - 11. Calculate j(6).
19
Let m(d) = -163*d + 1422. Calculate m(8).
118
Let z(u) = -u**2 - 9*u + 151. Give z(9).
-11
Let m(w) = 6*w**3 + 341*w**2 - 53*w + 244. Determine m(-57).
16
Let g(b) = 3*b**2 + 755*b + 14508. Give g(-21).
-24
Let r(n) = 2*n**2 + 1922*n + 33953. Calculate r(-18).
5
Let y(c) = c**3 - 17*c**2 - 279*c + 4690. What is y(18)?
-8
Let x(a) = a**3 + 10*a**2 + 9*a + 45. What is x(-5)?
125
Let h(t) = 2*t**3 - 40*t**2 - 27